ided by 15.
13
Let g(v) = 14*v - 2. Let r be (6/2)/(6/4). Suppose -11*b = -10*b - 9. Calculate the remainder when g(r) is divided by b.
8
Let f = 77 - -79. Suppose -q = -5*q + f. What is the remainder when q is divided by 20?
19
Suppose 12 = -0*l + 2*l. Calculate the remainder when 13 + (-12)/(16/4) is divided by l.
4
Let u = -46 + 249. Calculate the remainder when u is divided by 17.
16
Let y(o) = -o + 4. Let d be y(2). What is the remainder when 2 is divided by d/8 + 3/4?
0
Let n(c) = c**3 - c**2 + c + 8. Let d(g) = -g**3 + 5*g**2 - 4*g. Let p be d(4). What is the remainder when (23/2)/(2/4) is divided by n(p)?
7
Suppose m = -3*m + 52. Let f be (-3 - -1 - -1) + -3. Let w(t) = t**3 + 6*t**2 - 2*t - 3. Calculate the remainder when w(f) is divided by m.
11
Suppose -5*f + 36 = -2*f. Suppose -3*z + 0*z = -f, -14 = -2*k + 2*z. What is the remainder when k is divided by 4?
3
Let v be 1/4 - 159/(-4). Suppose -6*x + 4*x + 4*g = -v, 5*g = -20. Calculate the remainder when 2/5 + 108/5 is divided by x.
10
Let u be -96*(-3)/3 + -2. Suppose 0 = -4*c - n + 90, 4*c + 0*n = n + u. Suppose -3*j + c + 1 = 0. What is the remainder when 23 is divided by j?
7
Suppose -11*j = -10*j + 10. Let a be (-10)/4 + 2/4. What is the remainder when 8 is divided by a*(j/4)/1?
3
Let x = 4 - 2. Suppose -5*n + x*d + 2*d + 259 = 0, 4*n + d - 203 = 0. What is the remainder when n is divided by 26?
25
Let y be (1 + 4)*1*1. Suppose -y*k = -4*k - 5. Suppose -4*r + 20 = 3*v, 4*r - 7*v = -2*v - 12. Calculate the remainder when k is divided by r.
1
Let k = -6 - -18. Suppose 0 = -6*h + 2*h + k. Suppose -25 = -4*i + 5*w, 0*i + 2*i = -2*w + 8. What is the remainder when i is divided by h?
2
Suppose 5*x - 3*q = 3*x + 1, 16 = 2*x + 2*q. What is the remainder when 8 is divided by x?
3
Suppose -5*d + 10 = 4*u, 0*d = 5*u + 4*d - 8. What is the remainder when 42 is divided by (-44)/(-5 + 3 - u)?
20
Suppose 0 = 4*z - 14 - 14. Let n(g) = 9*g + 1. Let f(c) = c**2 - 19*c - 2. Let r(j) = 6*f(j) + 13*n(j). Calculate the remainder when r(-2) is divided by z.
5
Suppose 9*o = -o + 610. Calculate the remainder when o is divided by 13.
9
Suppose l = -42 + 4. Let c = l - -79. What is the remainder when c is divided by 22?
19
Suppose -3 = -5*z - 2*h, 5*h - 2 = -3*z - 4. Suppose 0 = 4*d - 5*m - 5 - z, -4*d = -4*m - 8. What is the remainder when 10 is divided by d?
2
Suppose 7*b - 43 = 20. Calculate the remainder when 24 is divided by b.
6
Let o = 1 + 52. Calculate the remainder when 210 is divided by o.
51
Suppose u = 7 - 1. Calculate the remainder when 57 is divided by ((-90)/u)/(1 + -2).
12
Let c(z) = 42*z**2 - 2*z + 1. Let b(l) = -l - 5. Let p be b(-6). Calculate the remainder when c(p) is divided by 14.
13
Let q(t) = t - 9. Let a be q(9). Suppose a = -4*h - h + 110. Calculate the remainder when h is divided by 6.
4
Suppose -3*l - 4*i - 30 = -7*i, -30 = 4*l - 2*i. Let g(c) = -c + 5. Let m = -42 + 70. Calculate the remainder when m is divided by g(l).
8
Let m(k) = -31*k. Calculate the remainder when m(-3) is divided by 24.
21
Let a = 3 - 0. Suppose -h + a*m = 4*m - 78, -2*m - 8 = 0. What is the remainder when h is divided by 21?
19
Let g be 15/9 - 3/(-9). Suppose g*q - 10 - 6 = 0. What is the remainder when 14 is divided by q?
6
Let s be 9/(-12) - (-3)/4. Let b(l) = -l**3 - 1 + l + s*l**3 - l**2 + 6*l**2 + 2*l**2. Calculate the remainder when b(7) is divided by 4.
2
Let y = -19 - -32. Suppose 12 = -0*w + 3*w, -z = -5*w - 4. Calculate the remainder when z is divided by y.
11
Suppose x - g = 4*x - 165, 0 = -5*x - 2*g + 275. Let d = 77 - x. Calculate the remainder when d is divided by 12.
10
What is the remainder when 10/(-4*3/(-66)) is divided by (14/8)/((-4)/(-32))?
13
Suppose 4*g = 3 + 37. Calculate the remainder when 27 is divided by g.
7
Let z(m) = -13*m + 1. Suppose -q = 3 - 30. What is the remainder when q is divided by z(-1)?
13
Suppose d - 4*o - 25 = 0, -2*d + 4*o = o - 30. Suppose a = -2*g + 4*a + 67, a = -4*g + 99. Calculate the remainder when g is divided by d.
8
Suppose -3*x = 3*k - 27, 2*x - 7*k - 36 = -3*k. What is the remainder when 83 is divided by x?
11
What is the remainder when 7568/80 - (-2)/5 is divided by 51?
44
Let o be (2/4)/((-2)/16). Let j = o - 7. Let n = 11 - j. Calculate the remainder when 64 is divided by n.
20
Suppose 142 = 5*q - 53. What is the remainder when q is divided by 23?
16
What is the remainder when 12/9*18/4 is divided by 4?
2
Suppose 3*y - 5 = -4*a, -6*y = -3*a - 4*y + 8. Suppose a*c - c - 31 = 0. What is the remainder when 121 is divided by c?
28
Let u(a) = 5*a**2 - a. Let t be u(1). Let z be 1 + 0 + 2 + 4. Let f = t + z. Calculate the remainder when f is divided by 6.
5
Let n be (-12)/8*(-2)/3. Let w be 5*(2 - n)*-1. Let c(b) = -b**2 - 5*b + 2. Calculate the remainder when 3 is divided by c(w).
1
Suppose 4*d - 3*d = -9. Suppose 2*b - 30 = -b. What is the remainder when b is divided by (3/d)/((-2)/36)?
4
Suppose l - 22 = -14. What is the remainder when 14 is divided by l?
6
Suppose -4*v + 11 + 9 = 0. Suppose -3*s = -v*g + 25, 2*s = 3*g + 2*g - 30. Let h = 36 - 31. What is the remainder when g is divided by h?
3
Let i be (-24)/16*2/(-3). Calculate the remainder when 27 is divided by 1/((-24)/(-21) - i).
6
Let t = -31 + 52. Let d = t - 3. Calculate the remainder when 35 is divided by d.
17
Let v = 34 - 19. Suppose 4*w - 49 - 123 = 0. What is the remainder when w is divided by v?
13
Let u(h) be the second derivative of 17*h**5/20 - h**3/6 + h**2/2 + h. Suppose 6 = -2*a + 3*a. Calculate the remainder when u(1) is divided by a.
5
Let s(j) = -j**2 + 6. Let o(p) = p**2 + 3*p - 1. Calculate the remainder when s(0) is divided by o(-4).
0
Let n = -148 + 247. Let x = -53 + n. Calculate the remainder when x is divided by 16.
14
What is the remainder when 92 is divided by 1*62/8*4?
30
Suppose 9 = 3*y, 2*u + y + 2*y = 13. Suppose -25 = -0*v - 5*v - 3*k, 5*v = u*k. What is the remainder when v is divided by 1?
0
Suppose 4*t = k - 6, -k + 6 = -5*t - 0. Suppose 0 = 5*w + 3*m - 12, 2*m + 0 = 5*w + 8. Suppose w = x + x - 18. What is the remainder when x is divided by k?
3
Suppose 9*t - 4*t - 15 = 0, -2*t = 3*a - 87. Suppose -8 + 0 = -g. What is the remainder when a is divided by 5/1*(g + -5)?
12
Let m = -5 - -23. What is the remainder when (51/(-2))/((-3)/4) is divided by m?
16
Suppose 10 = 2*n - 0*n. What is the remainder when 22 is divided by n?
2
Let w(j) = -2*j**2 + j - 1. Let r be w(-3). Let u = 36 + r. What is the remainder when 25 is divided by u?
11
Suppose 0 = 4*j - 4*z - 96, 4*z = z. What is the remainder when 47 is divided by j?
23
Let l(c) = -4*c - 10. Let u be l(-4). Let j = 14 - u. What is the remainder when 22 is divided by j?
6
Let v(d) = -3*d - 6. What is the remainder when 34 is divided by v(-5)?
7
Let v = 22 + 10. What is the remainder when v is divided by (-49)/(-3) - 8/(-12)?
15
Let d = 26 - 143. Let k = d - -218. What is the remainder when k is divided by 26?
23
Suppose 4*o + 30 = 6*o. Let f be ((-20)/(-6))/((-3)/9). Calculate the remainder when o is divided by (-1)/(1 + f/9).
6
Suppose 2*k = 3*k - 4. Calculate the remainder when 10/4*(-36)/(-15) is divided by k.
2
Suppose -2*g - 71 - 42 = -p, 0 = g + p + 58. Let f = 101 + g. What is the remainder when f is divided by 15?
14
Suppose 0 = -4*p + 5*d + 91 + 10, -3*d = -5*p + 136. Calculate the remainder when p is divided by 8.
5
Suppose 5*j = -5*p + 2*j + 308, -p - 2*j + 56 = 0. Calculate the remainder when p is divided by 11.
9
Let v be -1 - (-2 + 10*-11). Suppose 4*h + 4*j = 125 + 119, 3*j = h - 73. Let l = v - h. Calculate the remainder when l is divided by 16.
15
Let h(u) = u**2 + u + 2. Let v be h(0). Suppose 3 + 7 = m + 2*t, v*m - 10 = t. Calculate the remainder when m is divided by 4.
2
Let b = 52 - 82. Let t = -7 - b. What is the remainder when t is divided by 12?
11
Suppose -7*n = -12*n + 60. Calculate the remainder when 34 is divided by n.
10
Let x(t) = -t**2 + 6*t + 3. Let w be x(6). Suppose -w*g + 23 = -13. Let d = g + 27. Calculate the remainder when d is divided by 20.
19
Suppose -2*x - x + 60 = 0. Calculate the remainder when 118 is divided by x.
18
What is the remainder when 56 is divided by 98/5 - (-10)/25?
16
Suppose 3*j = -2*w + 15, -4*j + 5*j - 3*w = -6. Suppose 0 = -j*m - m + 12. What is th